 Calculate the remainder when j is divided by 13.
10
Let j(t) = -3*t**3 - 2*t**2 + 1. Let a(i) = -i**3 + 5*i**2 - 4*i + 6. Suppose -11 - 1 = -3*g. What is the remainder when a(g) is divided by j(-1)?
0
Let p be (-4)/(-14) + (-88)/14. What is the remainder when (-608)/(-12) + 4/p is divided by 13?
11
Let i = -9 + 14. Suppose -4*o - 41 = -i*q, q + 4*o + 3 = -8. Suppose -q*j + 20 = -20. Calculate the remainder when 14 is divided by j.
6
Let d(b) = -b**3 + 3*b**2 + 2. Calculate the remainder when d(2) is divided by 2.
0
Calculate the remainder when 69 is divided by (-2)/(-2)*(2 + 12).
13
What is the remainder when ((-123)/6)/((-8)/16) is divided by 22?
19
Let t(z) = -4*z - 6. Calculate the remainder when 101 is divided by t(-8).
23
Let p(g) = 5*g**2 - 5*g - 3. Calculate the remainder when 18 is divided by p(-1).
4
Calculate the remainder when 134 is divided by 1/(((-2)/(-3))/(108/6)).
26
Let v be 6 - (-2 + 1 - 1). Suppose 3*a - v - 4 = 0. Calculate the remainder when 13 is divided by a.
1
Suppose 4*k - 108 = 2*k. Suppose 4*d - 108 = -2*a, 0*a = 2*d + 2*a - k. Calculate the remainder when d is divided by 10.
7
Suppose 3*i = -2*a + 22 + 23, a + 5*i - 40 = 0. Suppose -3*j - a = -0. Let n = 23 + j. Calculate the remainder when 51 is divided by n.
15
Calculate the remainder when 7/((-14)/(-36)) + 0 is divided by (-4)/(-14) - (-47)/7.
4
What is the remainder when 37 is divided by (-56)/(-12)*3 - 4?
7
Suppose 5*t - 45 + 5 = 0. What is the remainder when 22 is divided by t?
6
Suppose 8 = -4*n + 2*b, -4*n = -5*b + 2*b + 6. Let s be (n/9 - 0)*-57. Suppose 5*t - s = 31. What is the remainder when 29 is divided by t?
9
Suppose -4*h + 5*d = -33, -5*h - 2 = 3*d + 3. Suppose 3*a + 13 = h*i - 3, -3*a - 1 = i. Let o(r) = r**2. Calculate the remainder when 11 is divided by o(a).
3
Let y(g) = -g**2 + 10*g - 3. What is the remainder when 9 is divided by y(9)?
3
Let c(n) = -2*n + 5. Let j(p) = -p + 1. Let s(l) = -c(l) + 4*j(l). What is the remainder when 42 is divided by s(-8)?
12
Let j = 9 + -4. Suppose -5 = -3*l + 3*o + 4, 2*o + j = 3*l. Calculate the remainder when 17 is divided by 7/1 + (l - -3).
8
Let i(g) = 6*g**3 + g**2 - g. Let q be i(1). Let v be -1 - (-2)/4*q. Suppose v*f + 35 = 7*f. What is the remainder when f is divided by 5?
2
Suppose 5*j - 110 = -3*p, -5*j - 4*p = 41 - 151. Suppose -3*c = t - j, c + 34 = 6*c + t. What is the remainder when c is divided by 4?
2
Let x(q) = -q**2 - 5*q - 2. Let u be x(-4). Suppose -13 = h - u*h. What is the remainder when (-198)/(-4) + ((-2)/(-4) - -1) is divided by h?
12
Suppose 70 = -2*b + 6*b - l, 0 = -4*b + 3*l + 74. Suppose -3*a - 6*a = -450. Calculate the remainder when a is divided by b.
16
Let y(p) = p**3 + 5*p**2 - 6*p + 6. Let a(g) = 2*g + 6. Let k be a(-6). Let l = -12 - -22. What is the remainder when l is divided by y(k)?
4
Suppose -m + 4*m = -81. Let l = 83 + m. Calculate the remainder when l is divided by 19.
18
Let i(t) = -18*t**2 + t + 1. Let c be i(-1). Let y = -11 - c. What is the remainder when 25 is divided by y?
4
Calculate the remainder when 8 is divided by ((-6)/(-4) + -2)*10*-1.
3
Let n = -16 - -27. Calculate the remainder when 54 is divided by n.
10
Let h(y) = -3 - y - 2*y - 5*y + 4*y. What is the remainder when 32 is divided by h(-5)?
15
Let i(s) = 4*s**2 + s - 4. Let a = 13 + -16. Calculate the remainder when i(a) is divided by 10.
9
Let g(u) = u**2 + 4*u - 23. Let c = 3 - 2. Calculate the remainder when g(-9) is divided by (4/(-6))/(c/(-12)).
6
Suppose -b - 5*v - 63 = -4*b, -107 = -4*b - v. Calculate the remainder when b is divided by 6.
2
Suppose 5*d = 4*d. Let k = d + 9. Calculate the remainder when 15 is divided by k.
6
Suppose 2*s + 3*k - 161 = 0, 0 = 4*s - 4*k + 6*k - 310. Calculate the remainder when s is divided by 13.
11
Let q = -181 - -186. Let f = 27 + -8. Calculate the remainder when f is divided by q.
4
Let r be 8 + 4 + -8 - -1. Suppose -5*q + 84 = f + 3*f, 3*f - 68 = -r*q. What is the remainder when 61 is divided by f?
13
Suppose 0 = 2*s - 2*u + 3*u - 13, 5*s = u + 50. Suppose s*g = 4*g + 85. What is the remainder when g is divided by 10?
7
Let n(a) = -a**2 - 5*a. Let j be n(-4). Suppose -u - j*p - 16 = 0, -3*u + 3*p = -10 - 17. What is the remainder when (-20)/25*(-10)/u is divided by 2?
0
Let i(s) = -3*s - 2. Suppose -5*d - 3 = 7. Let n be i(d). Suppose 32 + 16 = n*q. What is the remainder when 22 is divided by q?
10
Suppose 4*r - 20 = 36. Let z(o) = -9*o + 5 - 7 - 7 + o**2. What is the remainder when z(12) is divided by r?
13
Suppose c + 6 = -0*r + r, 0 = 3*r - 2*c - 13. Suppose 0 = 5*a - 0*a - 10. Calculate the remainder when a is divided by r - (3 - 2) - -1.
0
Suppose -p + 22 = t, 3*p - 110 = -2*p + 4*t. What is the remainder when p is divided by 11?
0
Suppose o - 18 = -0*o + 2*h, 0 = -2*o - 3*h + 15. Calculate the remainder when 45 is divided by o.
9
Suppose 6 = 5*a + 4*r, 2*a - 9 = 3*r + 2*r. Let v be 2 + 0 + 2 + 12. Let i = v + a. What is the remainder when 52 is divided by i?
16
Suppose -a + 39 = -0*a. Calculate the remainder when a is divided by 8.
7
Suppose -w = -1 - 2. Suppose -w = q - 5. What is the remainder when 2 is divided by q?
0
Let y be (-6)/(-14) - 24/7. Calculate the remainder when ((-39)/4)/(y/16) is divided by 18.
16
Suppose -2*b = 2*b - 152. Suppose -3*w + d = -74, -4*w - d = -b - 63. Let o = 9 + 0. Calculate the remainder when w is divided by o.
7
Suppose -15 - 9 = 4*i. Let x be i*(2/(-3))/2. Suppose 0 = -2*y + 3*u + 7 + 8, -x*u = -2*y + 18. What is the remainder when y is divided by 7?
5
Let p(u) = -9*u**3 - 2*u**2 + 1. Let i be p(-1). Suppose v = -3*a + 24, -56 = -i*v + 3*v + a. Let z = -16 + 39. What is the remainder when z is divided by v?
11
Suppose 0 = -27*g + 31*g - 60. What is the remainder when -3*(-1 + (-40)/3) is divided by g?
13
Suppose -3*a + 48 = -33. Let g = -4 + a. Suppose 5*p = -4*o + g, 4*o + 4*p - 31 = -7. Calculate the remainder when 12 is divided by o.
5
Let f = 18 + -9. Calculate the remainder when f is divided by 6.
3
Let t(j) = -9*j + 9. What is the remainder when t(-4) is divided by 24?
21
Let n(y) = 48*y**2. Let h be n(-1). Let d = -7 + h. What is the remainder when d is divided by 14?
13
Let w(n) = n**2 + 2. Let h be w(5). Suppose 2*s + h = 73. Calculate the remainder when s is divided by 12.
11
What is the remainder when 109 is divided by 40/70 + 216/14?
13
Let i(o) = -o**2 + 17*o - 19. Calculate the remainder when (2 + -1)*(1 + 30) is divided by i(15).
9
Let b = 24 - 2. Calculate the remainder when 64 is divided by b.
20
Suppose 3*z = 4*z - 4. Let a be z + 0/(1/1). Calculate the remainder when a*(-1 - 6/(-4)) is divided by 1.
0
Let d be 1*37 + (3 - 5). Suppose d = 3*g - 13. Calculate the remainder when g is divided by 9.
7
Suppose 104 = 3*j + j. Suppose j = 2*m - 12. Suppose -2*n + m = -n. Calculate the remainder when 55 is divided by n.
17
Let m(s) = s**3 - 13*s**2 - 9*s + 12. Let r be m(14). Suppose 2*x - r = -32. Calculate the remainder when x is divided by 9.
7
Let v(a) = -5*a**3 + a. Let g(b) = b + 5. Suppose -4*o - 28 = 2*d, 4*o + d + 25 + 1 = 0. Let m be g(o). What is the remainder when 10 is divided by v(m)?
2
Suppose 0 = -3*i - 2*i. Let k(t) = -t**2 - t + 45. Let x be k(i). Suppose -1 + x = 4*l. Calculate the remainder when 32 is divided by l.
10
Let l(v) = 3*v**2. Let h be l(1). Let c = h - -12. Calculate the remainder when (290/35)/(18/63) is divided by c.
14
Let y = -6 + 16. Let q = 53 + -35. What is the remainder when q is divided by y?
8
Suppose -8 = 3*b + 2*o, 4*o + 2 = -4*b - 10. Let q(h) = h**2. Let u be q(-1). What is the remainder when 7 is divided by 4*(b + 3/u)?
3
Suppose -15 - 5 = -5*c. Suppose c*k + k - 410 = 0. Calculate the remainder when k is divided by 21.
19
Let f = -63 - -88. What is the remainder when 70 is divided by f?
20
Let b(m) = -2*m**2 + 26*m + 39. Suppose 2*z + 12 = 5*k + 49, -4*k = 20. Calculate the remainder when b(14) is divided by z.
5
Suppose 5*p + 0*p + 20 = h, -5*h + 73 = 2*p. Let l(m) = -4*m + 10. What is the remainder when l(-8) is divided by h?
12
Let a = -444 + 513. Let x = 21 - 3. What is the remainder when a is divided by x?
15
Suppose 5*f - 10 = -5*w, 0 = 3*f + f + 8. What is the remainder when 3 is divided by w/(4 + (-24)/9)?
0
Suppose 0 = -g - 0*g + 17. Suppose p - 2 = 